st common factor of 132 and z?
12
Suppose -6*t = -274 - 848. Calculate the greatest common factor of t and 11.
11
Let x = 6 + -9. Let b be ((-2)/(-5))/(x/(-60)). Let h = b - -5. Calculate the greatest common divisor of 91 and h.
13
Let n(c) = -2*c + 3. Let j be n(-5). Let z(s) = -11*s - 1. Let v be z(-6). What is the highest common divisor of j and v?
13
Suppose l = 3*l - 140. Let n be 96/7 + 6/21. Calculate the greatest common divisor of l and n.
14
Let v(x) = -x**2 - 7*x - 6. Let z be v(-3). Calculate the highest common factor of 48 and z.
6
Suppose 0*h = h - 5*o - 2, -5*h - 4*o = -68. What is the highest common factor of h and 18?
6
Let s be 7 + 1 - 0/2. Let u(n) = n**2 + 14*n - 10. Let m be u(-14). Let o be 16/(-4)*(m + 0). What is the highest common factor of s and o?
8
Let h(u) = -u**2 - 6*u - 7. Let f be h(-5). Let z be 23 + f + 3 - 0. Let c = 48 - z. What is the greatest common factor of 36 and c?
12
Suppose -36 = 3*v - 7*v. Let s be 0 + 1 + -1 + 72. Calculate the greatest common factor of s and v.
9
Let i = -72 - -114. Calculate the highest common factor of 21 and i.
21
Let s(u) = -u**2 - 14*u - 10. Let z be s(-5). Suppose 3*q - 35 = -2*q. What is the greatest common factor of q and z?
7
Suppose -8*u = -3*u + p + 47, -5*u - 4*p - 38 = 0. Let b = -3 - u. Suppose -3*g = -b*g + 16. What is the greatest common divisor of 20 and g?
4
Let g(l) be the third derivative of -2*l**3 + 0 - 1/4*l**4 + 0*l - 3*l**2 + 1/60*l**5. Let h be g(9). What is the greatest common divisor of 165 and h?
15
Let l = 0 - -15. Let a(o) = o**3 + 11*o**2 + 9*o - 5. Let g be a(-10). What is the greatest common divisor of l and g?
5
Let d be -1 + 27 - (-3 - -4). Suppose 0 = -g + 6*g - d. Suppose g*m - 388 = 3*u, -32 - 352 = -5*m + 4*u. What is the highest common divisor of 16 and m?
16
Suppose -3*j + p = -8*j - 14, 4*p - 4 = 0. Let m(x) = -8*x - 3. Let k be m(j). What is the highest common factor of k and 14?
7
Let x(y) = 2*y**2 - 3*y + 2*y - 3 + 0. Let w(g) = g - 6. Let b be w(3). Let f be x(b). What is the highest common factor of f and 9?
9
Let z = 37 - 29. Calculate the greatest common divisor of 8 and z.
8
Suppose 5*q - 2 - 3 = 0. Suppose -5*d = o - 2, 3*o - d + 6*d = 36. Suppose -4*v = o - 41. Calculate the greatest common divisor of v and q.
1
Let k be 80 - (0/(-3))/(-3). Suppose 4*l - 4*a - k = 0, 0 = -l + 3*a + 2*a. Suppose 65 = 3*c - l. What is the highest common divisor of c and 12?
6
Let w be (-1 + 5 - 2) + 1. Suppose 0 = -s - 5, -w*k + s = -11 - 42. What is the greatest common factor of k and 24?
8
Let l = -56 - -58. What is the greatest common divisor of 2 and l?
2
Let w = -545 + 380. Let x = 231 + w. Let k be (4/(-2))/((-12)/x). Calculate the highest common factor of k and 77.
11
Let n be 0 + 1 + -1 + 5. Let h(k) = -k**3 + 4*k**2 + 6*k + 7. Let y be h(n). Suppose 3*b - 4*b = -4. Calculate the highest common factor of y and b.
4
Let v be (24/3 + 0)*4. Suppose -v = -3*q - 2. What is the highest common divisor of 70 and q?
10
Let o be 4/(-10) + 51/15. Suppose o*l - 2 = 1. Let h be 5 - ((-1)/(-1))/l. What is the highest common factor of 16 and h?
4
Let z(o) = 4*o**3 - 4*o**2 - 2. Suppose 5*m - 4 = 4*q + m, -4*q - 3*m = -24. Let d be z(q). Let r = -34 + 62. What is the greatest common divisor of d and r?
14
Let n(r) = r**3 + r. Let o be n(0). Suppose s + 158 = 6*s - 3*b, -b + 4 = o. Calculate the highest common factor of s and 51.
17
Let o be 2/(-1) - (-2)/1. Suppose -5*u + o*u - 5*s = -105, -85 = -4*u - 3*s. Calculate the highest common factor of u and 33.
11
Suppose 6*s - 98 = 4*s. Calculate the highest common factor of s and 7.
7
Let a(i) = 8*i**2 - 2*i. Let y be a(-2). Suppose -3*t - 5*f + 21 = 0, -2*f - 10 = -4. Calculate the highest common divisor of t and y.
12
Suppose 5*w = -17 - 33. Let f be (-3)/(((-9)/w)/(-3)). Let h be f*((-9)/(-6) + 0). What is the greatest common divisor of h and 10?
5
Suppose 0 = 3*q + 17 - 74. Calculate the highest common factor of 171 and q.
19
Let b(s) = s**3 - 9*s**2 + 11*s - 5. Let l be b(8). What is the highest common divisor of l and 171?
19
Let v be (-2)/8 + (1002/8 - -1). Let t = 204 - 98. Let x be 2/6 + t/6. Calculate the highest common divisor of x and v.
18
Let z = 221 + -71. What is the greatest common divisor of z and 60?
30
Let r be -15*1 + (3 - 2). Let x = r + 22. What is the highest common divisor of x and 8?
8
Suppose 0 = -s - 9 + 38. Let q = s + -40. Let b = q - -23. Calculate the greatest common factor of 18 and b.
6
Suppose -7*f = 5*f - 660. What is the highest common divisor of 11 and f?
11
Let s(i) be the first derivative of i**4/4 + 2*i**3 + i**2 - 3*i + 8. Let q be s(-5). Calculate the highest common factor of q and 12.
12
Suppose -2*q + 72 = -32. Suppose r = 3*w - q, 8*w - 96 = 3*w + 4*r. What is the highest common divisor of 8 and w?
8
Let v be 60/8 + 2/4. Suppose 20 = -5*d + 4*q, 3*q - v*q = d + 33. Let o be (d/3)/(1/(-21)). What is the greatest common factor of 7 and o?
7
Let x(g) = g - 9. Let r(n) = -2*n + 26. Let k(y) = 5*r(y) + 14*x(y). Let b be ((-1)/3)/((-3)/27). Let o be k(b). What is the greatest common factor of o and 8?
8
Suppose 8*d - 29 = -2*v + 5*d, -5*d - 35 = -5*v. Calculate the greatest common divisor of v and 4.
2
Let w = 46 - 44. What is the highest common factor of w and 16?
2
Let j be 6/(-12) + (-50)/(-4). Let x = j + -6. Calculate the greatest common divisor of 24 and x.
6
Let m = 52 - 41. Let g be 76 - (-1)/((-3)/(-3)). Calculate the highest common divisor of g and m.
11
Let h be -4*(0 - (-3)/(-6)). Suppose -b = h*b. Suppose -3*o + 2*o + 30 = b. Calculate the greatest common factor of 15 and o.
15
Let d(x) = -56*x**3 + x. Let v be d(-1). Suppose 0 = -9*t + 4*t + 50. Suppose j + t = 3*j. Calculate the greatest common divisor of v and j.
5
Let s be 1 - 3 - (-13 - (-7 + 6)). Calculate the greatest common factor of 35 and s.
5
Let p be (54/4)/(4/8). What is the greatest common divisor of 3 and p?
3
Suppose -4*h + 2*z + 700 = 0, 0 = -h + 2*h - 5*z - 157. Let p = h + -111. Let u = p - 30. Calculate the highest common divisor of u and 24.
12
Let c = 42 - 29. What is the highest common divisor of c and 13?
13
Suppose -2 - 1 = -3*w. Let q(d) = -d + 10. Let j be q(7). Let r = j - w. Calculate the greatest common divisor of r and 3.
1
Suppose 4*n + 57 = 145. Let y(i) = 10*i**2 - 2*i - 1. Let z be y(-1). Calculate the highest common factor of z and n.
11
Let a be (0 - -24) + (-8)/4. Calculate the highest common divisor of a and 2.
2
Let w(y) = -y**3 - y**2 + y + 1. Suppose 0 = 7*k - 2*k + 5. Let z be w(k). Let v be 2 + z - (-3)/(-3). What is the greatest common divisor of v and 8?
1
Suppose -3*c - 2*c = 0. Suppose -5*z + 108 + 112 = c. Calculate the greatest common divisor of 4 and z.
4
Suppose 0*k - k - 27 = -2*g, -2*g = -4*k - 30. Let r = g - 9. Suppose -r*m - 5*x = -425, 0*m - 4*x = -m + 101. Calculate the greatest common factor of m and 42.
21
Let r be 1*12*(0 - -1). Suppose -5*n + 5 = 4*t + 1, 2*n - 4 = -4*t. Let b be 6 + 0 + 2/t. What is the greatest common divisor of r and b?
4
Let l be 4 - 3/(-12)*0. Suppose -3*r + 373 = 2*r - 3*a, 3*a - 320 = -l*r. Calculate the highest common divisor of 11 and r.
11
Let u = -29 - -44. Suppose u = 3*z - 12. Let f = 6 - 5. What is the greatest common divisor of z and f?
1
Let g = -60 - -63. Let f(b) = -b - 2. Let l be f(-6). Suppose -16 = -l*m - 0*z + 3*z, -5*m = 3*z + 7. What is the greatest common divisor of g and m?
1
Suppose 9*l - 4*l - 10 = 0. Let o = -5 + 15. Let h = o - 4. Calculate the highest common divisor of l and h.
2
Let m(j) = j**3 - j**2 - j + 4. Let g be m(4). Let x = 92 - 60. What is the greatest common factor of g and x?
16
Let o(n) be the third derivative of -2/3*n**3 + 1/30*n**5 + 0*n - 5/24*n**4 - 2*n**2 + 0. Let r be o(-4). Calculate the greatest common divisor of r and 12.
12
Suppose 0 = -6*y + 2*y + 28. Let q(a) = -a**2 + 6*a + 8. Let t be q(y). Let u be 6/2 + 1 + -1. What is the highest common divisor of u and t?
1
Let q = 0 + 3. Suppose 0 = 3*i + q. Let w be (-2)/i*(1 + 1). Calculate the highest common divisor of 36 and w.
4
Let l be 22 - (1 + (-3)/3). Calculate the greatest common divisor of 198 and l.
22
Let x(s) = s**3 + s**2 - s + 6. Let v be x(0). Calculate the highest common factor of v and 66.
6
Let p = -75 + 9